y 92?
18
What is the remainder when 331 is divided by 40?
11
What is the remainder when 156 is divided by 71?
14
Calculate the remainder when 653 is divided by 209.
26
Calculate the remainder when 80 is divided by 54.
26
What is the remainder when 180 is divided by 13?
11
Calculate the remainder when 43 is divided by 12.
7
Calculate the remainder when 17528 is divided by 10.
8
Calculate the remainder when 1259 is divided by 501.
257
What is the remainder when 54 is divided by 4?
2
What is the remainder when 298 is divided by 75?
73
Calculate the remainder when 5252 is divided by 13.
0
What is the remainder when 1518 is divided by 80?
78
What is the remainder when 486 is divided by 48?
6
What is the remainder when 1198 is divided by 8?
6
What is the remainder when 284 is divided by 58?
52
What is the remainder when 491 is divided by 41?
40
Calculate the remainder when 946 is divided by 311.
13
What is the remainder when 18629 is divided by 27?
26
Calculate the remainder when 1234 is divided by 6.
4
What is the remainder when 93 is divided by 41?
11
Calculate the remainder when 2470 is divided by 87.
34
Calculate the remainder when 787 is divided by 37.
10
Calculate the remainder when 138 is divided by 32.
10
What is the remainder when 244 is divided by 110?
24
Calculate the remainder when 526 is divided by 4.
2
Calculate the remainder when 104 is divided by 45.
14
Calculate the remainder when 309 is divided by 33.
12
What is the remainder when 365 is divided by 175?
15
Calculate the remainder when 853 is divided by 19.
17
Calculate the remainder when 9298 is divided by 124.
122
Calculate the remainder when 1318 is divided by 265.
258
What is the remainder when 287 is divided by 59?
51
What is the remainder when 1121 is divided by 66?
65
Calculate the remainder when 622 is divided by 104.
102
Calculate the remainder when 1832 is divided by 138.
38
What is the remainder when 37 is divided by 14?
9
Calculate the remainder when 44 is divided by 18.
8
Calculate the remainder when 359 is divided by 8.
7
Calculate the remainder when 315 is divided by 8.
3
Calculate the remainder when 2979 is divided by 119.
4
What is the remainder when 583 is divided by 267?
49
What is the remainder when 2597 is divided by 113?
111
What is the remainder when 1401 is divided by 54?
51
Calculate the remainder when 312 is divided by 15.
12
What is the remainder when 3271 is divided by 82?
73
What is the remainder when 75 is divided by 7?
5
Calculate the remainder when 1275 is divided by 385.
120
Calculate the remainder when 207 is divided by 15.
12
Calculate the remainder when 150 is divided by 42.
24
What is the remainder when 435 is divided by 85?
10
Calculate the remainder when 333 is divided by 81.
9
What is the remainder when 2685 is divided by 158?
157
Calculate the remainder when 64 is divided by 47.
17
What is the remainder when 249 is divided by 21?
18
What is the remainder when 35 is divided by 21?
14
Calculate the remainder when 41 is divided by 18.
5
Calculate the remainder when 8348 is divided by 72.
68
Calculate the remainder when 217 is divided by 28.
21
What is the remainder when 41 is divided by 11?
8
Calculate the remainder when 245 is divided by 37.
23
Calculate the remainder when 2412 is divided by 35.
32
Calculate the remainder when 1024 is divided by 6.
4
Calculate the remainder when 10789 is divided by 10.
9
Calculate the remainder when 3596 is divided by 212.
204
Calculate the remainder when 239 is divided by 149.
90
Calculate the remainder when 248 is divided by 7.
3
What is the remainder when 31344 is divided by 17?
13
Calculate the remainder when 397 is divided by 67.
62
What is the remainder when 1887 is divided by 16?
15
Calculate the remainder when 1754 is divided by 55.
49
What is the remainder when 223 is divided by 31?
6
Calculate the remainder when 106 is divided by 9.
7
What is the remainder when 17 is divided by 12?
5
What is the remainder when 81 is divided by 31?
19
What is the remainder when 5874 is divided by 15?
9
What is the remainder when 123 is divided by 14?
11
Calculate the remainder when 3115 is divided by 20.
15
Calculate the remainder when 3001 is divided by 143.
141
What is the remainder when 589 is divided by 66?
61
Calculate the remainder when 47 is divided by 25.
22
What is the remainder when 38 is divided by 17?
4
What is the remainder when 139 is divided by 40?
19
What is the remainder when 28636 is divided by 10?
6
Calculate the remainder when 228 is divided by 29.
25
Calculate the remainder when 576 is divided by 11.
4
What is the remainder when 12298 is divided by 300?
298
Calculate the remainder when 176 is divided by 18.
14
Calculate the remainder when 119 is divided by 19.
5
Calculate the remainder when 206 is divided by 113.
93
What is the remainder when 234 is divided by 17?
13
What is the remainder when 31 is divided by 5?
1
What is the remainder when 4309 is divided by 7?
4
What is the remainder when 104 is divided by 10?
4
What is the remainder when 491 is divided by 12?
11
What is the remainder when 455 is divided by 67?
53
What is the remainder when 191 is divided by 32?
31
What is the remainder when 5083 is divided by 62?
61
Calculate the remainder when 801 is divided by 255.
36
What is the remainder when 2743 is divided by 45?
43
What is the remainder when 8819 is divided by 126?
125
Calculate the remainder when 3361 is divided by 672.
1
Calculate the remainder when 153 is divided by 32.
25
Calculate the remainder when 20747 is divided by 156.
155
What is the remainder when 1992 is divided by 29?
20
Calculate the remainder when 75 is divided by 7.
5
What is the remainder when 250 is divided by 124?
2
What is the remainder when 94 is divided by 28?
10
Calculate the remainder when 33 is divided by 9.
6
What is the remainder when 343 is divided by 47?
14
Calculate the remainder when 586 is divided by 118.
114
Calculate the remainder when 44 is divided by 12.
8
Calculate the remainder when 115 is divided by 26.
11
What is the remainder when 207 is divided by 52?
51
Calculate the remainder when 82 is divided by 22.
16
What is the remainder when 39057 is divided by 31?
28
Calculate the remainder when 97 is divided by 25.
22
Calculate the remainder when 149 is divided by 56.
37
What is the remainder when 660 is divided by 137?
112
Calculate the remainder when 86 is divided by 40.
6
What is the remainder when 658 is divided by 235?
188
Calculate the remainder when 321 is divided by 45.
6
What is the remainder when 232 is divided by 226?
6
Calculate the remainder when 683 is divided by 62.
1
Calculate the remainder when 439 is divided by 85.
14
What is the remainder when 273 is divided by 38?
7
Calculate the remainder when 29 is divided by 16.
13
What is the remainder when 19 is divided by 10?
9
Calculate the remainder when 386 is divided by 320.
66
Calculate the remainder when 1812 is divided by 82.
8
Calculate the remainder when 263 is divided by 133.
130
What is the remainder when 243 is divided by 82?
79
Calculate the remainder when 366 is divided by 118.
12
What is the remainder when 14506 is divided by 186?
184
What is the remainder when 169 is divided by 28?
1
Calculate the remainder when 887 is divided by 27.
23
What is the remainder when 115 is divided by 32?
19
What is the remainder when 124 is divided by 73?
51
Calculate the remainder when 653 is divided by 649.
4
Calculate the remainder when 3946 is divided by 66.
52
Calculate the remainder when 1496 is divided by 63.
47
What is the remainder when 1721 is divided by 344?
1
Calculate the remainder when 191 is divided by 27.
2
What is the remainder when 1829 is divided by 92?
81
What is the remainder when 13861 is divided by 59?
55
What is the remainder when 46 is divided by 10?
6
Calculate the remainder when 281 is divided by 139.
3
What is the remainder when 267 is divided by 264?
3
Calculate the remainder when 28398 is divided by 200.
198
Calculate the remainder when 176 is divided by 20.
16
Calculate the remainder when 127 is divided by 69.
58
Calculate the remainder when 6997 is divided by 2329.
10
Calculate the remainder when 318 is divided by 29.
28
Calculate the remainder when 389 is divided by 34.
15
What is the remainder when 74 is divi